{"id":147,"date":"2017-03-01T22:38:05","date_gmt":"2017-03-01T21:38:05","guid":{"rendered":"http:\/\/scheffler.com.pl\/?page_id=147"},"modified":"2017-03-07T05:01:04","modified_gmt":"2017-03-07T04:01:04","slug":"nadzory-budowlane","status":"publish","type":"page","link":"https:\/\/scheffler.com.pl\/index.php\/nadzory-budowlane\/","title":{"rendered":"Nadzory budowlane"},"content":{"rendered":"<p>Prowadzimy nadzory nad realizacj\u0105 inwestycji typu :<\/p>\n<p>\u2022 nadz\u00f3r inwestorski<br \/>\n\u2022 nadz\u00f3r autorski<br \/>\n\u2022 nadz\u00f3r techniczny<br \/>\n\u2022 nadz\u00f3r formalno-prawny &#8211; powiernictwo inwestycyjne<\/p>\n<p>Nadzory powy\u017csze obejmuj\u0105 bran\u017ce : og\u00f3lnobudowlane, instalacji sanitarnych i elektrycznych zewn\u0119trznych i wewn\u0119trznych.<\/p>\n<p><img loading=\"lazy\" decoding=\"async\" class=\"aligncenter size-large wp-image-173\" src=\"http:\/\/scheffler.com.pl\/wp-content\/uploads\/2017\/03\/pexels-photo-239886-1024x683.jpeg\" alt=\"\" width=\"1024\" height=\"683\" srcset=\"https:\/\/scheffler.com.pl\/wp-content\/uploads\/2017\/03\/pexels-photo-239886-1024x683.jpeg 1024w, https:\/\/scheffler.com.pl\/wp-content\/uploads\/2017\/03\/pexels-photo-239886-300x200.jpeg 300w, https:\/\/scheffler.com.pl\/wp-content\/uploads\/2017\/03\/pexels-photo-239886-768x512.jpeg 768w, https:\/\/scheffler.com.pl\/wp-content\/uploads\/2017\/03\/pexels-photo-239886-830x553.jpeg 830w, https:\/\/scheffler.com.pl\/wp-content\/uploads\/2017\/03\/pexels-photo-239886-230x153.jpeg 230w, https:\/\/scheffler.com.pl\/wp-content\/uploads\/2017\/03\/pexels-photo-239886-350x233.jpeg 350w, https:\/\/scheffler.com.pl\/wp-content\/uploads\/2017\/03\/pexels-photo-239886-480x320.jpeg 480w\" sizes=\"auto, (max-width: 1024px) 100vw, 1024px\" \/><\/p>\n","protected":false},"excerpt":{"rendered":"<p>Prowadzimy nadzory nad realizacj\u0105 inwestycji typu : \u2022 nadz\u00f3r inwestorski \u2022 nadz\u00f3r autorski \u2022 nadz\u00f3r techniczny \u2022 nadz\u00f3r formalno-prawny &#8211; powiernictwo inwestycyjne Nadzory powy\u017csze obejmuj\u0105 bran\u017ce : og\u00f3lnobudowlane, instalacji sanitarnych i elektrycznych zewn\u0119trznych i wewn\u0119trznych.<\/p>\n","protected":false},"author":1,"featured_media":0,"parent":0,"menu_order":0,"comment_status":"closed","ping_status":"closed","template":"","meta":{"ngg_post_thumbnail":0,"footnotes":""},"class_list":["post-147","page","type-page","status-publish","hentry"],"_links":{"self":[{"href":"https:\/\/scheffler.com.pl\/index.php\/wp-json\/wp\/v2\/pages\/147","targetHints":{"allow":["GET"]}}],"collection":[{"href":"https:\/\/scheffler.com.pl\/index.php\/wp-json\/wp\/v2\/pages"}],"about":[{"href":"https:\/\/scheffler.com.pl\/index.php\/wp-json\/wp\/v2\/types\/page"}],"author":[{"embeddable":true,"href":"https:\/\/scheffler.com.pl\/index.php\/wp-json\/wp\/v2\/users\/1"}],"replies":[{"embeddable":true,"href":"https:\/\/scheffler.com.pl\/index.php\/wp-json\/wp\/v2\/comments?post=147"}],"version-history":[{"count":5,"href":"https:\/\/scheffler.com.pl\/index.php\/wp-json\/wp\/v2\/pages\/147\/revisions"}],"predecessor-version":[{"id":177,"href":"https:\/\/scheffler.com.pl\/index.php\/wp-json\/wp\/v2\/pages\/147\/revisions\/177"}],"wp:attachment":[{"href":"https:\/\/scheffler.com.pl\/index.php\/wp-json\/wp\/v2\/media?parent=147"}],"curies":[{"name":"wp","href":"https:\/\/api.w.org\/{rel}","templated":true}]}}