{"id":160,"date":"2017-03-01T22:50:15","date_gmt":"2017-03-01T21:50:15","guid":{"rendered":"http:\/\/scheffler.com.pl\/?page_id=160"},"modified":"2017-03-07T05:21:52","modified_gmt":"2017-03-07T04:21:52","slug":"swiadectwa-energetyczne","status":"publish","type":"page","link":"https:\/\/scheffler.com.pl\/index.php\/swiadectwa-energetyczne\/","title":{"rendered":"\u015awiadectwa energetyczne"},"content":{"rendered":"<p>Zgodnie z ostatni\u0105 nowelizacj\u0105 ustawy Prawo budowlane, budynki i lokale oddawane do u\u017cytkowania, sprzedawane lub wynajmowane MUSZ\u0104 posiada\u0107 \u015bwiadectwo charakterystyki energetycznej. Analogicznie, do projektu budowlanego do\u0142\u0105czona musi by\u0107 projektowana charakterystyka energetyczna budynku, zgodna z metodologi\u0105 sporz\u0105dzania \u015bwiadectw charakterystyki energetycznej.<\/p>\n<p>Ustawa o wspieraniu termomodernizacji i remont\u00f3w pozwala uzyska\u0107 wsparcie finansowe dla dzia\u0142a\u0144 maj\u0105cych na celu ograniczenie zu\u017cycia energii w budynkach. Do 20% wykorzystanej kwoty kredytu na przedsi\u0119wzi\u0119cie termomodernizacyjne lub remontowe mo\u017ce zosta\u0107 sp\u0142acone dzi\u0119ki uzyskanej premii termomodernizacyjnej lub remontowej. Warunkiem niezb\u0119dnym uzyskania premii jest do\u0142\u0105czenie do wniosku audytu energetycznego lub remontowego.<\/p>\n<p>Audyt energetyczny jest dokumentem zawieraj\u0105cym analiz\u0119 techniczno-ekonomiczn\u0105 ulepszenia budynku. Okre\u015bla zakres, oraz parametry techniczne i ekonomiczne przedsi\u0119wzi\u0119cia termomodernizacyjnego zmniejszaj\u0105cego:<\/p>\n<p>\u2022 koszty ogrzewania budynku<br \/>\n\u2022 koszty uzyskania ciep\u0142ej wody u\u017cytkowej<br \/>\n\u2022 koszty wentylacji i klimatyzacji.<\/p>\n<p>Wskazuje rozwi\u0105zania optymalne (w szczeg\u00f3lno\u015bci z punktu widzenia koszt\u00f3w realizacji tego przedsi\u0119wzi\u0119cia oraz oszcz\u0119dno\u015bci energii) m\u00f3wi\u0105ce co nale\u017cy zrobi\u0107 i jakie dzia\u0142ania przeprowadzi\u0107 pod wzgl\u0119dem technicznym, aby przynios\u0142y najwy\u017csze korzy\u015bci ekonomiczne.<\/p>\n<p>Dysponuj\u0105c do\u015bwiadczonym zespo\u0142em uprawnionych magistr\u00f3w in\u017cynier\u00f3w budownictwa oraz energetyki, szybko i profesjonalnie przygotujemy dla Pa\u0144stwa \u015bwiadectwa i pre-\u015bwiadectwa energetyczne dla wszystkich typ\u00f3w budynk\u00f3w.<\/p>\n<p>Wykonujemy certyfikaty energetyczne dla istniej\u0105cych i nowo budowanych:<\/p>\n<p>\u2022 mieszka\u0144<br \/>\n\u2022 budynk\u00f3w mieszkalnych jedno &#8211; i wielorodzinnych<br \/>\n\u2022 budynk\u00f3w komercyjnych (biurowce, magazyny, centra handlowe, hale)<br \/>\n\u2022 budynk\u00f3w u\u017cyteczno\u015bci publicznej (szko\u0142y, urz\u0119dy)<\/p>\n<p>Zapewniamy kompleksow\u0105 obs\u0142ug\u0119 przedsi\u0119wzi\u0119\u0107 termomodernizacyjnych i remontowych, w tym w szczeg\u00f3lno\u015bci wykonujemy audyty energetyczne.<\/p>\n<p>Zapraszamy do wsp\u00f3\u0142pracy deweloper\u00f3w, firmy budowlane, architekt\u00f3w, agencje nieruchomo\u015bci oraz klient\u00f3w indywidualnych.<\/p>\n<p><img loading=\"lazy\" decoding=\"async\" class=\"aligncenter size-large wp-image-185\" src=\"http:\/\/scheffler.com.pl\/wp-content\/uploads\/2017\/03\/energy-efficiency-154006_1280-1024x575.png\" alt=\"\" width=\"1024\" height=\"575\" srcset=\"https:\/\/scheffler.com.pl\/wp-content\/uploads\/2017\/03\/energy-efficiency-154006_1280-1024x575.png 1024w, https:\/\/scheffler.com.pl\/wp-content\/uploads\/2017\/03\/energy-efficiency-154006_1280-300x169.png 300w, https:\/\/scheffler.com.pl\/wp-content\/uploads\/2017\/03\/energy-efficiency-154006_1280-768x431.png 768w, https:\/\/scheffler.com.pl\/wp-content\/uploads\/2017\/03\/energy-efficiency-154006_1280-830x466.png 830w, https:\/\/scheffler.com.pl\/wp-content\/uploads\/2017\/03\/energy-efficiency-154006_1280-230x129.png 230w, https:\/\/scheffler.com.pl\/wp-content\/uploads\/2017\/03\/energy-efficiency-154006_1280-350x197.png 350w, https:\/\/scheffler.com.pl\/wp-content\/uploads\/2017\/03\/energy-efficiency-154006_1280-480x270.png 480w, https:\/\/scheffler.com.pl\/wp-content\/uploads\/2017\/03\/energy-efficiency-154006_1280.png 1280w\" sizes=\"auto, (max-width: 1024px) 100vw, 1024px\" \/><\/p>\n","protected":false},"excerpt":{"rendered":"<p>Zgodnie z ostatni\u0105 nowelizacj\u0105 ustawy Prawo budowlane, budynki i lokale oddawane do u\u017cytkowania, sprzedawane lub wynajmowane MUSZ\u0104 posiada\u0107 \u015bwiadectwo charakterystyki energetycznej. Analogicznie, do projektu budowlanego do\u0142\u0105czona musi by\u0107 projektowana charakterystyka energetyczna budynku, zgodna z metodologi\u0105 sporz\u0105dzania \u015bwiadectw charakterystyki energetycznej. Ustawa o wspieraniu termomodernizacji i remont\u00f3w pozwala uzyska\u0107 wsparcie finansowe dla dzia\u0142a\u0144 maj\u0105cych na celu ograniczenie [&hellip;]<\/p>\n","protected":false},"author":1,"featured_media":0,"parent":0,"menu_order":0,"comment_status":"closed","ping_status":"closed","template":"","meta":{"ngg_post_thumbnail":0,"footnotes":""},"class_list":["post-160","page","type-page","status-publish","hentry"],"_links":{"self":[{"href":"https:\/\/scheffler.com.pl\/index.php\/wp-json\/wp\/v2\/pages\/160","targetHints":{"allow":["GET"]}}],"collection":[{"href":"https:\/\/scheffler.com.pl\/index.php\/wp-json\/wp\/v2\/pages"}],"about":[{"href":"https:\/\/scheffler.com.pl\/index.php\/wp-json\/wp\/v2\/types\/page"}],"author":[{"embeddable":true,"href":"https:\/\/scheffler.com.pl\/index.php\/wp-json\/wp\/v2\/users\/1"}],"replies":[{"embeddable":true,"href":"https:\/\/scheffler.com.pl\/index.php\/wp-json\/wp\/v2\/comments?post=160"}],"version-history":[{"count":2,"href":"https:\/\/scheffler.com.pl\/index.php\/wp-json\/wp\/v2\/pages\/160\/revisions"}],"predecessor-version":[{"id":186,"href":"https:\/\/scheffler.com.pl\/index.php\/wp-json\/wp\/v2\/pages\/160\/revisions\/186"}],"wp:attachment":[{"href":"https:\/\/scheffler.com.pl\/index.php\/wp-json\/wp\/v2\/media?parent=160"}],"curies":[{"name":"wp","href":"https:\/\/api.w.org\/{rel}","templated":true}]}}