{"id":196,"date":"2017-05-13T21:30:43","date_gmt":"2017-05-13T19:30:43","guid":{"rendered":"http:\/\/scheffler.com.pl\/?page_id=196"},"modified":"2017-05-13T21:52:45","modified_gmt":"2017-05-13T19:52:45","slug":"wizualizacje-i-zdjecia","status":"publish","type":"page","link":"https:\/\/scheffler.com.pl\/index.php\/wizualizacje-i-zdjecia\/","title":{"rendered":"wizualizacje i zdj\u0119cia"},"content":{"rendered":"<p>W galerii przedstawiono obiekty w kt\u00f3rych wykonano projekty bran\u017cy konstrukcyjnej. Projekt architektoniczny wykonany przez architekt\u00f3w wsp\u00f3\u0142pracuj\u0105cych z naszym biurem.<\/p>\n<!-- default-view.php -->\n<div\n\tclass=\"ngg-galleryoverview default-view \n\t\t\"\n\tid=\"ngg-gallery-dd298ac1277373ea0460aa7cd830b76b-1\">\n\n\t\t<!-- Thumbnails -->\n\t\t\t\t<div id=\"ngg-image-0\" class=\"ngg-gallery-thumbnail-box \n\t\t\t\t\t\t\t\t\t\t\t\" \n\t\t\t>\n\t\t\t\t\t\t<div class=\"ngg-gallery-thumbnail\">\n\t\t\t<a href=\"https:\/\/scheffler.com.pl\/wp-content\/gallery\/zdjecia-i-wizualizacje\/1.jpg\"\n\t\t\t\ttitle=\"\"\n\t\t\t\tdata-src=\"https:\/\/scheffler.com.pl\/wp-content\/gallery\/zdjecia-i-wizualizacje\/1.jpg\"\n\t\t\t\tdata-thumbnail=\"https:\/\/scheffler.com.pl\/wp-content\/gallery\/zdjecia-i-wizualizacje\/thumbs\/thumbs_1.jpg\"\n\t\t\t\tdata-image-id=\"10\"\n\t\t\t\tdata-title=\"1\"\n\t\t\t\tdata-description=\"\"\n\t\t\t\tdata-image-slug=\"1\"\n\t\t\t\tclass=\"ngg-fancybox\" rel=\"dd298ac1277373ea0460aa7cd830b76b\">\n\t\t\t\t<img\n\t\t\t\t\ttitle=\"1\"\n\t\t\t\t\talt=\"1\"\n\t\t\t\t\tsrc=\"https:\/\/scheffler.com.pl\/wp-content\/gallery\/zdjecia-i-wizualizacje\/thumbs\/thumbs_1.jpg\"\n\t\t\t\t\twidth=\"240\"\n\t\t\t\t\theight=\"160\"\n\t\t\t\t\tstyle=\"max-width:100%;\"\n\t\t\t\t\/>\n\t\t\t<\/a>\n\t\t<\/div>\n\t\t\t\t\t\t\t<\/div> \n\t\t\t\n\t\t\t\t<div id=\"ngg-image-1\" class=\"ngg-gallery-thumbnail-box \n\t\t\t\t\t\t\t\t\t\t\t\" \n\t\t\t>\n\t\t\t\t\t\t<div class=\"ngg-gallery-thumbnail\">\n\t\t\t<a href=\"https:\/\/scheffler.com.pl\/wp-content\/gallery\/zdjecia-i-wizualizacje\/10.jpg\"\n\t\t\t\ttitle=\"\"\n\t\t\t\tdata-src=\"https:\/\/scheffler.com.pl\/wp-content\/gallery\/zdjecia-i-wizualizacje\/10.jpg\"\n\t\t\t\tdata-thumbnail=\"https:\/\/scheffler.com.pl\/wp-content\/gallery\/zdjecia-i-wizualizacje\/thumbs\/thumbs_10.jpg\"\n\t\t\t\tdata-image-id=\"11\"\n\t\t\t\tdata-title=\"10\"\n\t\t\t\tdata-description=\"\"\n\t\t\t\tdata-image-slug=\"10\"\n\t\t\t\tclass=\"ngg-fancybox\" rel=\"dd298ac1277373ea0460aa7cd830b76b\">\n\t\t\t\t<img\n\t\t\t\t\ttitle=\"10\"\n\t\t\t\t\talt=\"10\"\n\t\t\t\t\tsrc=\"https:\/\/scheffler.com.pl\/wp-content\/gallery\/zdjecia-i-wizualizacje\/thumbs\/thumbs_10.jpg\"\n\t\t\t\t\twidth=\"240\"\n\t\t\t\t\theight=\"160\"\n\t\t\t\t\tstyle=\"max-width:100%;\"\n\t\t\t\t\/>\n\t\t\t<\/a>\n\t\t<\/div>\n\t\t\t\t\t\t\t<\/div> \n\t\t\t\n\t\t\t\t<div id=\"ngg-image-2\" class=\"ngg-gallery-thumbnail-box \n\t\t\t\t\t\t\t\t\t\t\t\" \n\t\t\t>\n\t\t\t\t\t\t<div class=\"ngg-gallery-thumbnail\">\n\t\t\t<a href=\"https:\/\/scheffler.com.pl\/wp-content\/gallery\/zdjecia-i-wizualizacje\/23.jpg\"\n\t\t\t\ttitle=\"\"\n\t\t\t\tdata-src=\"https:\/\/scheffler.com.pl\/wp-content\/gallery\/zdjecia-i-wizualizacje\/23.jpg\"\n\t\t\t\tdata-thumbnail=\"https:\/\/scheffler.com.pl\/wp-content\/gallery\/zdjecia-i-wizualizacje\/thumbs\/thumbs_23.jpg\"\n\t\t\t\tdata-image-id=\"12\"\n\t\t\t\tdata-title=\"23\"\n\t\t\t\tdata-description=\"\"\n\t\t\t\tdata-image-slug=\"23\"\n\t\t\t\tclass=\"ngg-fancybox\" rel=\"dd298ac1277373ea0460aa7cd830b76b\">\n\t\t\t\t<img\n\t\t\t\t\ttitle=\"23\"\n\t\t\t\t\talt=\"23\"\n\t\t\t\t\tsrc=\"https:\/\/scheffler.com.pl\/wp-content\/gallery\/zdjecia-i-wizualizacje\/thumbs\/thumbs_23.jpg\"\n\t\t\t\t\twidth=\"240\"\n\t\t\t\t\theight=\"160\"\n\t\t\t\t\tstyle=\"max-width:100%;\"\n\t\t\t\t\/>\n\t\t\t<\/a>\n\t\t<\/div>\n\t\t\t\t\t\t\t<\/div> \n\t\t\t\n\t\t\t\t<div id=\"ngg-image-3\" class=\"ngg-gallery-thumbnail-box \n\t\t\t\t\t\t\t\t\t\t\t\" \n\t\t\t>\n\t\t\t\t\t\t<div class=\"ngg-gallery-thumbnail\">\n\t\t\t<a href=\"https:\/\/scheffler.com.pl\/wp-content\/gallery\/zdjecia-i-wizualizacje\/DSC01833.jpg\"\n\t\t\t\ttitle=\"\"\n\t\t\t\tdata-src=\"https:\/\/scheffler.com.pl\/wp-content\/gallery\/zdjecia-i-wizualizacje\/DSC01833.jpg\"\n\t\t\t\tdata-thumbnail=\"https:\/\/scheffler.com.pl\/wp-content\/gallery\/zdjecia-i-wizualizacje\/thumbs\/thumbs_DSC01833.jpg\"\n\t\t\t\tdata-image-id=\"13\"\n\t\t\t\tdata-title=\"DSC01833\"\n\t\t\t\tdata-description=\"\"\n\t\t\t\tdata-image-slug=\"dsc01833\"\n\t\t\t\tclass=\"ngg-fancybox\" rel=\"dd298ac1277373ea0460aa7cd830b76b\">\n\t\t\t\t<img\n\t\t\t\t\ttitle=\"DSC01833\"\n\t\t\t\t\talt=\"DSC01833\"\n\t\t\t\t\tsrc=\"https:\/\/scheffler.com.pl\/wp-content\/gallery\/zdjecia-i-wizualizacje\/thumbs\/thumbs_DSC01833.jpg\"\n\t\t\t\t\twidth=\"240\"\n\t\t\t\t\theight=\"160\"\n\t\t\t\t\tstyle=\"max-width:100%;\"\n\t\t\t\t\/>\n\t\t\t<\/a>\n\t\t<\/div>\n\t\t\t\t\t\t\t<\/div> \n\t\t\t\n\t\t\t\t<div id=\"ngg-image-4\" class=\"ngg-gallery-thumbnail-box \n\t\t\t\t\t\t\t\t\t\t\t\" \n\t\t\t>\n\t\t\t\t\t\t<div class=\"ngg-gallery-thumbnail\">\n\t\t\t<a href=\"https:\/\/scheffler.com.pl\/wp-content\/gallery\/zdjecia-i-wizualizacje\/P5180075.jpg\"\n\t\t\t\ttitle=\"OLYMPUS DIGITAL CAMERA\"\n\t\t\t\tdata-src=\"https:\/\/scheffler.com.pl\/wp-content\/gallery\/zdjecia-i-wizualizacje\/P5180075.jpg\"\n\t\t\t\tdata-thumbnail=\"https:\/\/scheffler.com.pl\/wp-content\/gallery\/zdjecia-i-wizualizacje\/thumbs\/thumbs_P5180075.jpg\"\n\t\t\t\tdata-image-id=\"14\"\n\t\t\t\tdata-title=\"OLYMPUS DIGITAL CAMERA\"\n\t\t\t\tdata-description=\"OLYMPUS DIGITAL CAMERA\"\n\t\t\t\tdata-image-slug=\"p5180075\"\n\t\t\t\tclass=\"ngg-fancybox\" rel=\"dd298ac1277373ea0460aa7cd830b76b\">\n\t\t\t\t<img\n\t\t\t\t\ttitle=\"OLYMPUS DIGITAL CAMERA\"\n\t\t\t\t\talt=\"OLYMPUS DIGITAL CAMERA\"\n\t\t\t\t\tsrc=\"https:\/\/scheffler.com.pl\/wp-content\/gallery\/zdjecia-i-wizualizacje\/thumbs\/thumbs_P5180075.jpg\"\n\t\t\t\t\twidth=\"240\"\n\t\t\t\t\theight=\"160\"\n\t\t\t\t\tstyle=\"max-width:100%;\"\n\t\t\t\t\/>\n\t\t\t<\/a>\n\t\t<\/div>\n\t\t\t\t\t\t\t<\/div> \n\t\t\t\n\t\t\t\t<div id=\"ngg-image-5\" class=\"ngg-gallery-thumbnail-box \n\t\t\t\t\t\t\t\t\t\t\t\" \n\t\t\t>\n\t\t\t\t\t\t<div class=\"ngg-gallery-thumbnail\">\n\t\t\t<a href=\"https:\/\/scheffler.com.pl\/wp-content\/gallery\/zdjecia-i-wizualizacje\/P5180081.jpg\"\n\t\t\t\ttitle=\"OLYMPUS DIGITAL CAMERA\"\n\t\t\t\tdata-src=\"https:\/\/scheffler.com.pl\/wp-content\/gallery\/zdjecia-i-wizualizacje\/P5180081.jpg\"\n\t\t\t\tdata-thumbnail=\"https:\/\/scheffler.com.pl\/wp-content\/gallery\/zdjecia-i-wizualizacje\/thumbs\/thumbs_P5180081.jpg\"\n\t\t\t\tdata-image-id=\"15\"\n\t\t\t\tdata-title=\"OLYMPUS DIGITAL CAMERA\"\n\t\t\t\tdata-description=\"OLYMPUS DIGITAL CAMERA\"\n\t\t\t\tdata-image-slug=\"p5180081\"\n\t\t\t\tclass=\"ngg-fancybox\" rel=\"dd298ac1277373ea0460aa7cd830b76b\">\n\t\t\t\t<img\n\t\t\t\t\ttitle=\"OLYMPUS DIGITAL CAMERA\"\n\t\t\t\t\talt=\"OLYMPUS DIGITAL CAMERA\"\n\t\t\t\t\tsrc=\"https:\/\/scheffler.com.pl\/wp-content\/gallery\/zdjecia-i-wizualizacje\/thumbs\/thumbs_P5180081.jpg\"\n\t\t\t\t\twidth=\"240\"\n\t\t\t\t\theight=\"160\"\n\t\t\t\t\tstyle=\"max-width:100%;\"\n\t\t\t\t\/>\n\t\t\t<\/a>\n\t\t<\/div>\n\t\t\t\t\t\t\t<\/div> \n\t\t\t\n\t\t\t\t<div id=\"ngg-image-6\" class=\"ngg-gallery-thumbnail-box \n\t\t\t\t\t\t\t\t\t\t\t\" \n\t\t\t>\n\t\t\t\t\t\t<div class=\"ngg-gallery-thumbnail\">\n\t\t\t<a href=\"https:\/\/scheffler.com.pl\/wp-content\/gallery\/zdjecia-i-wizualizacje\/PLANSZA.jpg\"\n\t\t\t\ttitle=\"\"\n\t\t\t\tdata-src=\"https:\/\/scheffler.com.pl\/wp-content\/gallery\/zdjecia-i-wizualizacje\/PLANSZA.jpg\"\n\t\t\t\tdata-thumbnail=\"https:\/\/scheffler.com.pl\/wp-content\/gallery\/zdjecia-i-wizualizacje\/thumbs\/thumbs_PLANSZA.jpg\"\n\t\t\t\tdata-image-id=\"19\"\n\t\t\t\tdata-title=\"PLANSZA\"\n\t\t\t\tdata-description=\"\"\n\t\t\t\tdata-image-slug=\"plansza\"\n\t\t\t\tclass=\"ngg-fancybox\" rel=\"dd298ac1277373ea0460aa7cd830b76b\">\n\t\t\t\t<img\n\t\t\t\t\ttitle=\"PLANSZA\"\n\t\t\t\t\talt=\"PLANSZA\"\n\t\t\t\t\tsrc=\"https:\/\/scheffler.com.pl\/wp-content\/gallery\/zdjecia-i-wizualizacje\/thumbs\/thumbs_PLANSZA.jpg\"\n\t\t\t\t\twidth=\"240\"\n\t\t\t\t\theight=\"160\"\n\t\t\t\t\tstyle=\"max-width:100%;\"\n\t\t\t\t\/>\n\t\t\t<\/a>\n\t\t<\/div>\n\t\t\t\t\t\t\t<\/div> \n\t\t\t\n\t\t\t\t<div id=\"ngg-image-7\" class=\"ngg-gallery-thumbnail-box \n\t\t\t\t\t\t\t\t\t\t\t\" \n\t\t\t>\n\t\t\t\t\t\t<div class=\"ngg-gallery-thumbnail\">\n\t\t\t<a href=\"https:\/\/scheffler.com.pl\/wp-content\/gallery\/zdjecia-i-wizualizacje\/STRAZA.jpg\"\n\t\t\t\ttitle=\"\"\n\t\t\t\tdata-src=\"https:\/\/scheffler.com.pl\/wp-content\/gallery\/zdjecia-i-wizualizacje\/STRAZA.jpg\"\n\t\t\t\tdata-thumbnail=\"https:\/\/scheffler.com.pl\/wp-content\/gallery\/zdjecia-i-wizualizacje\/thumbs\/thumbs_STRAZA.jpg\"\n\t\t\t\tdata-image-id=\"20\"\n\t\t\t\tdata-title=\"STRAZA\"\n\t\t\t\tdata-description=\"\"\n\t\t\t\tdata-image-slug=\"straza\"\n\t\t\t\tclass=\"ngg-fancybox\" rel=\"dd298ac1277373ea0460aa7cd830b76b\">\n\t\t\t\t<img\n\t\t\t\t\ttitle=\"STRAZA\"\n\t\t\t\t\talt=\"STRAZA\"\n\t\t\t\t\tsrc=\"https:\/\/scheffler.com.pl\/wp-content\/gallery\/zdjecia-i-wizualizacje\/thumbs\/thumbs_STRAZA.jpg\"\n\t\t\t\t\twidth=\"240\"\n\t\t\t\t\theight=\"160\"\n\t\t\t\t\tstyle=\"max-width:100%;\"\n\t\t\t\t\/>\n\t\t\t<\/a>\n\t\t<\/div>\n\t\t\t\t\t\t\t<\/div> \n\t\t\t\n\t\t\t\t<div id=\"ngg-image-8\" class=\"ngg-gallery-thumbnail-box \n\t\t\t\t\t\t\t\t\t\t\t\" \n\t\t\t>\n\t\t\t\t\t\t<div class=\"ngg-gallery-thumbnail\">\n\t\t\t<a href=\"https:\/\/scheffler.com.pl\/wp-content\/gallery\/zdjecia-i-wizualizacje\/widok01.jpg\"\n\t\t\t\ttitle=\"\"\n\t\t\t\tdata-src=\"https:\/\/scheffler.com.pl\/wp-content\/gallery\/zdjecia-i-wizualizacje\/widok01.jpg\"\n\t\t\t\tdata-thumbnail=\"https:\/\/scheffler.com.pl\/wp-content\/gallery\/zdjecia-i-wizualizacje\/thumbs\/thumbs_widok01.jpg\"\n\t\t\t\tdata-image-id=\"21\"\n\t\t\t\tdata-title=\"widok01\"\n\t\t\t\tdata-description=\"\"\n\t\t\t\tdata-image-slug=\"widok01\"\n\t\t\t\tclass=\"ngg-fancybox\" rel=\"dd298ac1277373ea0460aa7cd830b76b\">\n\t\t\t\t<img\n\t\t\t\t\ttitle=\"widok01\"\n\t\t\t\t\talt=\"widok01\"\n\t\t\t\t\tsrc=\"https:\/\/scheffler.com.pl\/wp-content\/gallery\/zdjecia-i-wizualizacje\/thumbs\/thumbs_widok01.jpg\"\n\t\t\t\t\twidth=\"240\"\n\t\t\t\t\theight=\"160\"\n\t\t\t\t\tstyle=\"max-width:100%;\"\n\t\t\t\t\/>\n\t\t\t<\/a>\n\t\t<\/div>\n\t\t\t\t\t\t\t<\/div> \n\t\t\t\n\t\t\t\t<div id=\"ngg-image-9\" class=\"ngg-gallery-thumbnail-box \n\t\t\t\t\t\t\t\t\t\t\t\" \n\t\t\t>\n\t\t\t\t\t\t<div class=\"ngg-gallery-thumbnail\">\n\t\t\t<a href=\"https:\/\/scheffler.com.pl\/wp-content\/gallery\/zdjecia-i-wizualizacje\/P6190027.jpg\"\n\t\t\t\ttitle=\"OLYMPUS DIGITAL CAMERA\"\n\t\t\t\tdata-src=\"https:\/\/scheffler.com.pl\/wp-content\/gallery\/zdjecia-i-wizualizacje\/P6190027.jpg\"\n\t\t\t\tdata-thumbnail=\"https:\/\/scheffler.com.pl\/wp-content\/gallery\/zdjecia-i-wizualizacje\/thumbs\/thumbs_P6190027.jpg\"\n\t\t\t\tdata-image-id=\"16\"\n\t\t\t\tdata-title=\"OLYMPUS DIGITAL CAMERA\"\n\t\t\t\tdata-description=\"OLYMPUS DIGITAL CAMERA\"\n\t\t\t\tdata-image-slug=\"p6190027\"\n\t\t\t\tclass=\"ngg-fancybox\" rel=\"dd298ac1277373ea0460aa7cd830b76b\">\n\t\t\t\t<img\n\t\t\t\t\ttitle=\"OLYMPUS DIGITAL CAMERA\"\n\t\t\t\t\talt=\"OLYMPUS DIGITAL CAMERA\"\n\t\t\t\t\tsrc=\"https:\/\/scheffler.com.pl\/wp-content\/gallery\/zdjecia-i-wizualizacje\/thumbs\/thumbs_P6190027.jpg\"\n\t\t\t\t\twidth=\"240\"\n\t\t\t\t\theight=\"160\"\n\t\t\t\t\tstyle=\"max-width:100%;\"\n\t\t\t\t\/>\n\t\t\t<\/a>\n\t\t<\/div>\n\t\t\t\t\t\t\t<\/div> \n\t\t\t\n\t\t\t\t<div id=\"ngg-image-10\" class=\"ngg-gallery-thumbnail-box \n\t\t\t\t\t\t\t\t\t\t\t\" \n\t\t\t>\n\t\t\t\t\t\t<div class=\"ngg-gallery-thumbnail\">\n\t\t\t<a href=\"https:\/\/scheffler.com.pl\/wp-content\/gallery\/zdjecia-i-wizualizacje\/P6190032.jpg\"\n\t\t\t\ttitle=\"OLYMPUS DIGITAL CAMERA\"\n\t\t\t\tdata-src=\"https:\/\/scheffler.com.pl\/wp-content\/gallery\/zdjecia-i-wizualizacje\/P6190032.jpg\"\n\t\t\t\tdata-thumbnail=\"https:\/\/scheffler.com.pl\/wp-content\/gallery\/zdjecia-i-wizualizacje\/thumbs\/thumbs_P6190032.jpg\"\n\t\t\t\tdata-image-id=\"17\"\n\t\t\t\tdata-title=\"OLYMPUS DIGITAL CAMERA\"\n\t\t\t\tdata-description=\"OLYMPUS DIGITAL CAMERA\"\n\t\t\t\tdata-image-slug=\"p6190032\"\n\t\t\t\tclass=\"ngg-fancybox\" rel=\"dd298ac1277373ea0460aa7cd830b76b\">\n\t\t\t\t<img\n\t\t\t\t\ttitle=\"OLYMPUS DIGITAL CAMERA\"\n\t\t\t\t\talt=\"OLYMPUS DIGITAL CAMERA\"\n\t\t\t\t\tsrc=\"https:\/\/scheffler.com.pl\/wp-content\/gallery\/zdjecia-i-wizualizacje\/thumbs\/thumbs_P6190032.jpg\"\n\t\t\t\t\twidth=\"240\"\n\t\t\t\t\theight=\"160\"\n\t\t\t\t\tstyle=\"max-width:100%;\"\n\t\t\t\t\/>\n\t\t\t<\/a>\n\t\t<\/div>\n\t\t\t\t\t\t\t<\/div> \n\t\t\t\n\t\t\t\t<div id=\"ngg-image-11\" class=\"ngg-gallery-thumbnail-box \n\t\t\t\t\t\t\t\t\t\t\t\" \n\t\t\t>\n\t\t\t\t\t\t<div class=\"ngg-gallery-thumbnail\">\n\t\t\t<a href=\"https:\/\/scheffler.com.pl\/wp-content\/gallery\/zdjecia-i-wizualizacje\/Pasted-Image-22.jpg\"\n\t\t\t\ttitle=\"\"\n\t\t\t\tdata-src=\"https:\/\/scheffler.com.pl\/wp-content\/gallery\/zdjecia-i-wizualizacje\/Pasted-Image-22.jpg\"\n\t\t\t\tdata-thumbnail=\"https:\/\/scheffler.com.pl\/wp-content\/gallery\/zdjecia-i-wizualizacje\/thumbs\/thumbs_Pasted-Image-22.jpg\"\n\t\t\t\tdata-image-id=\"18\"\n\t\t\t\tdata-title=\"Pasted Image #22\"\n\t\t\t\tdata-description=\"\"\n\t\t\t\tdata-image-slug=\"pasted-image-22\"\n\t\t\t\tclass=\"ngg-fancybox\" rel=\"dd298ac1277373ea0460aa7cd830b76b\">\n\t\t\t\t<img\n\t\t\t\t\ttitle=\"Pasted Image #22\"\n\t\t\t\t\talt=\"Pasted Image #22\"\n\t\t\t\t\tsrc=\"https:\/\/scheffler.com.pl\/wp-content\/gallery\/zdjecia-i-wizualizacje\/thumbs\/thumbs_Pasted-Image-22.jpg\"\n\t\t\t\t\twidth=\"240\"\n\t\t\t\t\theight=\"160\"\n\t\t\t\t\tstyle=\"max-width:100%;\"\n\t\t\t\t\/>\n\t\t\t<\/a>\n\t\t<\/div>\n\t\t\t\t\t\t\t<\/div> \n\t\t\t\n\t\t\t\t<div id=\"ngg-image-12\" class=\"ngg-gallery-thumbnail-box \n\t\t\t\t\t\t\t\t\t\t\t\" \n\t\t\t>\n\t\t\t\t\t\t<div class=\"ngg-gallery-thumbnail\">\n\t\t\t<a href=\"https:\/\/scheffler.com.pl\/wp-content\/gallery\/zdjecia-i-wizualizacje\/wizualizacja-1.jpg\"\n\t\t\t\ttitle=\"\"\n\t\t\t\tdata-src=\"https:\/\/scheffler.com.pl\/wp-content\/gallery\/zdjecia-i-wizualizacje\/wizualizacja-1.jpg\"\n\t\t\t\tdata-thumbnail=\"https:\/\/scheffler.com.pl\/wp-content\/gallery\/zdjecia-i-wizualizacje\/thumbs\/thumbs_wizualizacja-1.jpg\"\n\t\t\t\tdata-image-id=\"22\"\n\t\t\t\tdata-title=\"wizualizacja 1\"\n\t\t\t\tdata-description=\"\"\n\t\t\t\tdata-image-slug=\"wizualizacja-1\"\n\t\t\t\tclass=\"ngg-fancybox\" rel=\"dd298ac1277373ea0460aa7cd830b76b\">\n\t\t\t\t<img\n\t\t\t\t\ttitle=\"wizualizacja 1\"\n\t\t\t\t\talt=\"wizualizacja 1\"\n\t\t\t\t\tsrc=\"https:\/\/scheffler.com.pl\/wp-content\/gallery\/zdjecia-i-wizualizacje\/thumbs\/thumbs_wizualizacja-1.jpg\"\n\t\t\t\t\twidth=\"240\"\n\t\t\t\t\theight=\"160\"\n\t\t\t\t\tstyle=\"max-width:100%;\"\n\t\t\t\t\/>\n\t\t\t<\/a>\n\t\t<\/div>\n\t\t\t\t\t\t\t<\/div> \n\t\t\t\n\t\t\t\t<div id=\"ngg-image-13\" class=\"ngg-gallery-thumbnail-box \n\t\t\t\t\t\t\t\t\t\t\t\" \n\t\t\t>\n\t\t\t\t\t\t<div class=\"ngg-gallery-thumbnail\">\n\t\t\t<a href=\"https:\/\/scheffler.com.pl\/wp-content\/gallery\/zdjecia-i-wizualizacje\/Wklejony-obrazek-63.jpg\"\n\t\t\t\ttitle=\"\"\n\t\t\t\tdata-src=\"https:\/\/scheffler.com.pl\/wp-content\/gallery\/zdjecia-i-wizualizacje\/Wklejony-obrazek-63.jpg\"\n\t\t\t\tdata-thumbnail=\"https:\/\/scheffler.com.pl\/wp-content\/gallery\/zdjecia-i-wizualizacje\/thumbs\/thumbs_Wklejony-obrazek-63.jpg\"\n\t\t\t\tdata-image-id=\"23\"\n\t\t\t\tdata-title=\"Wklejony obrazek #63\"\n\t\t\t\tdata-description=\"\"\n\t\t\t\tdata-image-slug=\"wklejony-obrazek-63\"\n\t\t\t\tclass=\"ngg-fancybox\" rel=\"dd298ac1277373ea0460aa7cd830b76b\">\n\t\t\t\t<img\n\t\t\t\t\ttitle=\"Wklejony obrazek #63\"\n\t\t\t\t\talt=\"Wklejony obrazek #63\"\n\t\t\t\t\tsrc=\"https:\/\/scheffler.com.pl\/wp-content\/gallery\/zdjecia-i-wizualizacje\/thumbs\/thumbs_Wklejony-obrazek-63.jpg\"\n\t\t\t\t\twidth=\"240\"\n\t\t\t\t\theight=\"160\"\n\t\t\t\t\tstyle=\"max-width:100%;\"\n\t\t\t\t\/>\n\t\t\t<\/a>\n\t\t<\/div>\n\t\t\t\t\t\t\t<\/div> \n\t\t\t\n\t\n\t<br style=\"clear: both\" \/>\n\n\t\n\t\t<!-- Pagination -->\n\t\t<div class='ngg-clear'><\/div>\t<\/div>\n\n","protected":false},"excerpt":{"rendered":"<p>W galerii przedstawiono obiekty w kt\u00f3rych wykonano projekty bran\u017cy konstrukcyjnej. Projekt architektoniczny wykonany przez architekt\u00f3w wsp\u00f3\u0142pracuj\u0105cych z naszym biurem. &#8221; order_by=&#8221;sortorder&#8221; order_direction=&#8221;ASC&#8221; returns=&#8221;included&#8221; maximum_entity_count=&#8221;500&#8243;]<\/p>\n","protected":false},"author":1,"featured_media":0,"parent":0,"menu_order":0,"comment_status":"closed","ping_status":"closed","template":"","meta":{"ngg_post_thumbnail":0,"footnotes":""},"class_list":["post-196","page","type-page","status-publish","hentry"],"_links":{"self":[{"href":"https:\/\/scheffler.com.pl\/index.php\/wp-json\/wp\/v2\/pages\/196","targetHints":{"allow":["GET"]}}],"collection":[{"href":"https:\/\/scheffler.com.pl\/index.php\/wp-json\/wp\/v2\/pages"}],"about":[{"href":"https:\/\/scheffler.com.pl\/index.php\/wp-json\/wp\/v2\/types\/page"}],"author":[{"embeddable":true,"href":"https:\/\/scheffler.com.pl\/index.php\/wp-json\/wp\/v2\/users\/1"}],"replies":[{"embeddable":true,"href":"https:\/\/scheffler.com.pl\/index.php\/wp-json\/wp\/v2\/comments?post=196"}],"version-history":[{"count":6,"href":"https:\/\/scheffler.com.pl\/index.php\/wp-json\/wp\/v2\/pages\/196\/revisions"}],"predecessor-version":[{"id":256,"href":"https:\/\/scheffler.com.pl\/index.php\/wp-json\/wp\/v2\/pages\/196\/revisions\/256"}],"wp:attachment":[{"href":"https:\/\/scheffler.com.pl\/index.php\/wp-json\/wp\/v2\/media?parent=196"}],"curies":[{"name":"wp","href":"https:\/\/api.w.org\/{rel}","templated":true}]}}